{"id":18513,"date":"2024-04-12T11:39:58","date_gmt":"2024-04-12T09:39:58","guid":{"rendered":"https:\/\/thee.be\/?post_type=product&#038;p=18513"},"modified":"2024-04-17T11:17:26","modified_gmt":"2024-04-17T09:17:26","slug":"table-a-the-gong-fu-cha-en-bambou-fonce-montagnes","status":"publish","type":"product","link":"https:\/\/thee.be\/fr\/shop\/la-preparation-du-the\/ceremonie-du-the\/table-a-the-gong-fu-cha-en-bambou-fonce-montagnes\/","title":{"rendered":"Table \u00e0 th\u00e9 Gong Fu Cha en bambou fonc\u00e9 \u00ab\u00a0Montagnes\u00a0\u00bb"},"content":{"rendered":"<p>Une magnifique table \u00e0 th\u00e9 Gong Fu Cha, fabriqu\u00e9e en bambou fonc\u00e9 et orn\u00e9e de gracieuses illustrations de montagnes. Cette table \u00e0 th\u00e9 allie fonctionnalit\u00e9 et esth\u00e9tique, id\u00e9ale pour les amateurs de th\u00e9 qui accordent \u00e9galement de l&rsquo;importance \u00e0 l&rsquo;attrait visuel.<\/p>\n<p><strong>D\u00e9tails<\/strong><\/p>\n<ul>\n<li>Mat\u00e9riau : bambou fonc\u00e9<\/li>\n<li>Dimensions : 18,5 cm x 6,9 cm x 30,7 cm<\/li>\n<\/ul>\n","protected":false},"excerpt":{"rendered":"<div class=\"react-scroll-to-bottom--css-zkhzm-1n7m0yu\">\n<div class=\"flex flex-col text-sm pb-9\">\n<div class=\"w-full text-token-text-primary sm:AIPRM__conversation__response\" dir=\"auto\" data-testid=\"conversation-turn-79\">\n<div class=\"px-4 py-2 justify-center text-base md:gap-6 m-auto\">\n<div class=\"flex flex-1 text-base mx-auto gap-3 juice:gap-4 juice:md:gap-6 md:px-5 lg:px-1 xl:px-5 md:max-w-3xl lg:max-w-[40rem] xl:max-w-[48rem]\">\n<div class=\"relative flex w-full flex-col agent-turn\">\n<div class=\"flex-col gap-1 md:gap-3\">\n<div class=\"flex flex-grow flex-col max-w-full\">\n<div class=\"min-h-[20px] text-message flex flex-col items-start gap-3 whitespace-pre-wrap break-words [.text-message+&amp;]:mt-5 overflow-x-auto\" dir=\"auto\" data-message-author-role=\"assistant\" data-message-id=\"daf7826f-65cd-4144-a1bb-049949129eef\">\n<div class=\"markdown prose w-full break-words dark:prose-invert dark AIPRM__conversation__response\">\n<p>Une table \u00e0 th\u00e9 fabriqu\u00e9e en bambou fonc\u00e9 avec des illustrations de montagnes.<\/p>\n<\/div>\n<\/div>\n<\/div>\n<\/div>\n<\/div>\n<\/div>\n<\/div>\n<\/div>\n<\/div>\n<\/div>\n","protected":false},"featured_media":18413,"comment_status":"open","ping_status":"closed","template":"","meta":{"rs_blank_template":"","rs_page_bg_color":"","slide_template_v7":""},"product_brand":[],"product_cat":[158],"product_tag":[],"class_list":["post-18513","product","type-product","status-publish","has-post-thumbnail","product_cat-ceremonie-du-the","first","outofstock","taxable","shipping-taxable","purchasable","product-type-simple"],"bundled_by":[],"bundle_stock_status":"outofstock","bundle_stock_quantity":0,"bundle_virtual":false,"bundle_layout":"","bundle_add_to_cart_form_location":"","bundle_editable_in_cart":false,"bundle_sold_individually_context":"","bundle_item_grouping":"","bundle_min_size":"","bundle_max_size":"","bundle_price":[],"bundled_items":[],"bundle_sell_ids":[],"_links":{"self":[{"href":"https:\/\/thee.be\/fr\/wp-json\/wp\/v2\/product\/18513","targetHints":{"allow":["GET"]}}],"collection":[{"href":"https:\/\/thee.be\/fr\/wp-json\/wp\/v2\/product"}],"about":[{"href":"https:\/\/thee.be\/fr\/wp-json\/wp\/v2\/types\/product"}],"replies":[{"embeddable":true,"href":"https:\/\/thee.be\/fr\/wp-json\/wp\/v2\/comments?post=18513"}],"wp:featuredmedia":[{"embeddable":true,"href":"https:\/\/thee.be\/fr\/wp-json\/wp\/v2\/media\/18413"}],"wp:attachment":[{"href":"https:\/\/thee.be\/fr\/wp-json\/wp\/v2\/media?parent=18513"}],"wp:term":[{"taxonomy":"product_brand","embeddable":true,"href":"https:\/\/thee.be\/fr\/wp-json\/wp\/v2\/product_brand?post=18513"},{"taxonomy":"product_cat","embeddable":true,"href":"https:\/\/thee.be\/fr\/wp-json\/wp\/v2\/product_cat?post=18513"},{"taxonomy":"product_tag","embeddable":true,"href":"https:\/\/thee.be\/fr\/wp-json\/wp\/v2\/product_tag?post=18513"}],"curies":[{"name":"wp","href":"https:\/\/api.w.org\/{rel}","templated":true}]}}

Table à thé Gong Fu Cha en bambou foncé « Montagnes »

<p>Une magnifique table à thé Gong Fu Cha, fabriquée en bambou foncé et ornée de gracieuses illustrations de montagnes. Cette table à thé allie fonctionnalité et esthétique, idéale pour les amateurs de thé qui accordent également de l&rsquo;importance à l&rsquo;attrait visuel.</p>
<p><strong>Détails</strong></p>
<ul>
<li>Matériau : bambou foncé</li>
<li>Dimensions : 18,5 cm x 6,9 cm x 30,7 cm</li>
</ul>

<div class="react-scroll-to-bottom--css-zkhzm-1n7m0yu">
<div class="flex flex-col text-sm pb-9">
<div class="w-full text-token-text-primary sm:AIPRM__conversation__response" dir="auto" data-testid="conversation-turn-79">
<div class="px-4 py-2 justify-center text-base md:gap-6 m-auto">
<div class="flex flex-1 text-base mx-auto gap-3 juice:gap-4 juice:md:gap-6 md:px-5 lg:px-1 xl:px-5 md:max-w-3xl lg:max-w-[40rem] xl:max-w-[48rem]">
<div class="relative flex w-full flex-col agent-turn">
<div class="flex-col gap-1 md:gap-3">
<div class="flex flex-grow flex-col max-w-full">
<div class="min-h-[20px] text-message flex flex-col items-start gap-3 whitespace-pre-wrap break-words [.text-message+&amp;]:mt-5 overflow-x-auto" dir="auto" data-message-author-role="assistant" data-message-id="daf7826f-65cd-4144-a1bb-049949129eef">
<div class="markdown prose w-full break-words dark:prose-invert dark AIPRM__conversation__response">
<p>Une table à thé fabriquée en bambou foncé avec des illustrations de montagnes.</p>
</div>
</div>
</div>
</div>
</div>
</div>
</div>
</div>
</div>
</div>
