{"id":10771,"date":"2023-04-06T14:59:48","date_gmt":"2023-04-06T12:59:48","guid":{"rendered":"https:\/\/thee.be\/?post_type=product&#038;p=10771"},"modified":"2023-04-07T16:50:17","modified_gmt":"2023-04-07T14:50:17","slug":"kinto-cast-tasse-a-the-220ml","status":"publish","type":"product","link":"https:\/\/thee.be\/fr\/shop\/boire-le-the\/tasses-et-verres-a-the\/verres-a-the\/kinto-cast-tasse-a-the-220ml\/","title":{"rendered":"KINTO Cast tasse \u00e0 th\u00e9 220ml"},"content":{"rendered":"<p>Cette tasse \u00e0 th\u00e9 de la collection Cast de KINTO a \u00e9t\u00e9 con\u00e7ue selon le concept du \u00ab\u00a0design sans interf\u00e9rence\u00a0\u00bb. Chaque partie a \u00e9t\u00e9 soigneusement con\u00e7ue avec les bonnes proportions pour assurer des mouvements fluides dans la cuisine et \u00e0 table. L&rsquo;angle de la poign\u00e9e est con\u00e7u pour soulager le poignet et tient compte du changement de centre de gravit\u00e9. Le bord de la tasse est l\u00e9g\u00e8rement inclin\u00e9 vers l&rsquo;ext\u00e9rieur pour que le th\u00e9 coule doucement dans la bouche. Chaque ligne et chaque angle ont \u00e9t\u00e9 soigneusement \u00e9tudi\u00e9s pour que la tasse \u00e0 th\u00e9 soit \u00e9quilibr\u00e9e dans vos mains.<\/p>\n<p>\u00c9l\u00e9gante, fonctionnelle et luxueuse ! Les articles Cast sont id\u00e9aux pour une utilisation dans une vari\u00e9t\u00e9 de situations. D\u00e9couvrez \u00e9galement les th\u00e9i\u00e8res Cast assorties de KINTO.<\/p>\n<p><strong>D\u00e9tails<\/strong><\/p>\n<ul>\n<li>Mat\u00e9riau : verre r\u00e9sistant \u00e0 la chaleur<\/li>\n<li>Capacit\u00e9 : 220 ml<\/li>\n<li>Dimensions : diam\u00e8tre 10,5 cm &#8211; hauteur 5 cm &#8211; largeur 12 cm<\/li>\n<\/ul>\n","protected":false},"excerpt":{"rendered":"<p>Une tasse \u00e0 th\u00e9 en verre d&rsquo;une capacit\u00e9 de 220 ml de la collection KINTO Cast.<\/p>\n","protected":false},"featured_media":10813,"comment_status":"open","ping_status":"closed","template":"","meta":[],"product_brand":[298],"product_cat":[311,135,152,153],"product_tag":[],"class_list":{"0":"post-10771","1":"product","2":"type-product","3":"status-publish","4":"has-post-thumbnail","6":"product_brand-kinto-fr","7":"product_cat-afternoon-tea-fr-fr","8":"product_cat-boire-le-the","9":"product_cat-tasses-et-verres-a-the","10":"product_cat-verres-a-the","12":"first","13":"instock","14":"taxable","15":"shipping-taxable","16":"purchasable","17":"product-type-simple"},"bundled_by":[],"bundle_stock_status":"instock","bundle_stock_quantity":7,"bundle_virtual":false,"bundle_layout":"","bundle_add_to_cart_form_location":"","bundle_editable_in_cart":false,"bundle_sold_individually_context":"","bundle_item_grouping":"","bundle_min_size":"","bundle_max_size":"","bundle_price":[],"bundled_items":[],"bundle_sell_ids":[10766],"_links":{"self":[{"href":"https:\/\/thee.be\/fr\/wp-json\/wp\/v2\/product\/10771","targetHints":{"allow":["GET"]}}],"collection":[{"href":"https:\/\/thee.be\/fr\/wp-json\/wp\/v2\/product"}],"about":[{"href":"https:\/\/thee.be\/fr\/wp-json\/wp\/v2\/types\/product"}],"replies":[{"embeddable":true,"href":"https:\/\/thee.be\/fr\/wp-json\/wp\/v2\/comments?post=10771"}],"wp:featuredmedia":[{"embeddable":true,"href":"https:\/\/thee.be\/fr\/wp-json\/wp\/v2\/media\/10813"}],"wp:attachment":[{"href":"https:\/\/thee.be\/fr\/wp-json\/wp\/v2\/media?parent=10771"}],"wp:term":[{"taxonomy":"product_brand","embeddable":true,"href":"https:\/\/thee.be\/fr\/wp-json\/wp\/v2\/product_brand?post=10771"},{"taxonomy":"product_cat","embeddable":true,"href":"https:\/\/thee.be\/fr\/wp-json\/wp\/v2\/product_cat?post=10771"},{"taxonomy":"product_tag","embeddable":true,"href":"https:\/\/thee.be\/fr\/wp-json\/wp\/v2\/product_tag?post=10771"}],"curies":[{"name":"wp","href":"https:\/\/api.w.org\/{rel}","templated":true}]}}

KINTO Cast tasse à thé 220ml

<p>Cette tasse à thé de la collection Cast de KINTO a été conçue selon le concept du « design sans interférence ». Chaque partie a été soigneusement conçue avec les bonnes proportions pour assurer des mouvements fluides dans la cuisine et à table. L&rsquo;angle de la poignée est conçu pour soulager le poignet et tient compte du changement de centre de gravité. Le bord de la tasse est légèrement incliné vers l&rsquo;extérieur pour que le thé coule doucement dans la bouche. Chaque ligne et chaque angle ont été soigneusement étudiés pour que la tasse à thé soit équilibrée dans vos mains.</p>
<p>Élégante, fonctionnelle et luxueuse ! Les articles Cast sont idéaux pour une utilisation dans une variété de situations. Découvrez également les théières Cast assorties de KINTO.</p>
<p><strong>Détails</strong></p>
<ul>
<li>Matériau : verre résistant à la chaleur</li>
<li>Capacité : 220 ml</li>
<li>Dimensions : diamètre 10,5 cm &#8211; hauteur 5 cm &#8211; largeur 12 cm</li>
</ul>

<p>Une tasse à thé en verre d&rsquo;une capacité de 220 ml de la collection KINTO Cast.</p>
